(t). What is the units digit of (-2308)/q + 2 + 9/15?
8
Let i(o) be the third derivative of -35*o**5/6 - 5*o**4/24 + o**3/2 - 28*o**2. Let h be i(1). What is the units digit of ((-4)/(-8))/((-4)/h)?
4
Let x(m) = m**3 + 19*m**2 + 30*m + 17. Let k be (-7)/((-7)/(-15)) - (-7 + 7). What is the tens digit of x(k)?
6
Suppose 0 = 99*q - 774992 - 150262. What is the units digit of q?
6
Let f(a) = a**3 - 2*a**2 - 6*a + 4. Let m be (11 - 0) + 6*(-6)/9. What is the hundreds digit of f(m)?
2
Let i(m) = 245*m**2 + 11*m - 32. What is the hundreds digit of i(-6)?
7
Let q = -24 - -38. Let v be ((-1)/(-2))/(-3 + q/4). What is the tens digit of (v - 2) + (-9 - -140)?
3
Suppose 27*q + 11*q = -47*q + 110075. What is the units digit of q?
5
Suppose 8*w = -4*w - 1632. Let y = w + 1342. What is the thousands digit of y?
1
Let x(m) = 57*m - 7. Let z(y) = -9. Let t(g) = 5. Let n(j) = 7*t(j) + 4*z(j). Let k(p) = 5*n(p) - x(p). What is the hundreds digit of k(-4)?
2
What is the thousands digit of 3149070/65 + 1 - 108/468?
8
Let y = 223 + -218. Suppose -8256 = -17*k + y*k. What is the units digit of k?
8
Let l be 3*1 - (-1 - 2). Suppose 9*m - l*m = 18. What is the tens digit of (-9894)/(-153) + (2/m - 0)?
6
Let n(y) = -y**3 + 5*y**2 + 10*y - 19. Let d be n(6). Suppose j + 4*r = 191 - 57, 5*j - d*r = 545. Let f = j + -22. What is the tens digit of f?
9
Let p = 549 + -495. Let q = p + 486. What is the units digit of q?
0
Let n(c) = c**3 - 31*c**2 - 69*c + 109. Let x be n(33). Suppose 3*y - 4*y = -40. Let g = y + x. What is the units digit of g?
0
What is the thousands digit of (4 + -4523)*-2*(9 - (-119)/(-14))?
4
Suppose 50 = -14*p - 76. What is the hundreds digit of 3/(5/(-12840)*p)?
8
Suppose 438 = 4*a + 166. Let w be (-1634)/(-76)*(-2 - 0). Let c = a + w. What is the units digit of c?
5
Let o(a) = 19*a**2 - 13*a + 24. Let s be o(-11). Suppose -7*i - 11*i + s = 0. What is the hundreds digit of i?
1
Suppose -3*b + 6*b + 12 = 0. Let j(g) = -2*g - 8. Let u be j(b). Suppose 3*n = 4*y - 188, u*y + 3*n = -4*y + 188. What is the units digit of y?
7
Suppose -7*g = 15*g - 35*g + 186446. What is the units digit of g?
2
Let d = 250 - 249. Let a(m) = 542*m - 3. What is the hundreds digit of a(d)?
5
Let x(u) = u**2 - 8*u + 17. Let c be x(6). Suppose b = -c*w - 9, w - b - 11 = 2*b. What is the units digit of (-2 + 0 - w)/(-1)?
1
Suppose 5271 = 4*z + 10*k - 5*k, -5*k = 2*z - 2643. Suppose -3*a + z = -0*a. What is the tens digit of a?
3
Suppose 0 = 10*t - t - 18. Let a(d) = -6*d + 3*d**t + 0*d**2 + 16 - 28. What is the tens digit of a(-5)?
9
Suppose 0 = h - 2*l + 219, -416 = 2*h + 4*l - 18. Let f = 1162 - h. What is the thousands digit of f?
1
Let t(i) = -2*i + 30. Let z be t(12). Let q be ((-5)/(35/z))/(3/(-483)). What is the tens digit of (q/(-8))/(24/(-128))?
9
Suppose 5*h - 3*c - 1 = 31, -4*h + 4*c = -32. Suppose 3*l - 49 = -h*d, -5*d - l + 2*l + 47 = 0. What is the tens digit of 73 + ((-5)/d - (-1)/(-2))?
7
What is the hundreds digit of (-3219)/(-145) + -22 + 233194/5?
6
Let q(c) = -c**3 - 14*c**2 + 13*c - 2. Let i be q(-15). Let g = i - -45. Let a = g + -22. What is the units digit of a?
1
Let f(g) = -g**3 - 27*g**2 + 47*g + 77. What is the units digit of f(-30)?
7
Let x be (-7293)/15 + ((-38)/10 - -4). Let n = -297 - x. What is the hundreds digit of n?
1
Let y(n) = 763*n**2 + 3*n. Let u be y(-1). Let f = u + -448. What is the hundreds digit of f?
3
Let c = -838 - -871. Suppose -c*b - b + 19312 = 0. What is the hundreds digit of b?
5
Let d(m) be the second derivative of m**4/4 - m**3 + 9*m**2/2 + 4*m - 1. What is the units digit of d(14)?
3
Suppose 61 - 257 = 7*p. What is the tens digit of 3/((-12)/626)*(26 + p)?
1
Let b = 8762 - -2560. What is the units digit of b?
2
Suppose 5*c + 5*b - 82381 = 7*b, -4*c + 2*b = -65904. What is the hundreds digit of c?
4
Suppose -5*k - 7*k = -60. Suppose -k*b + 2*b + 1089 = 0. What is the tens digit of b?
6
Let q be 28/12 - 2/(-3). Suppose 3*m + o - 1035 = 776, -q*o + 1212 = 2*m. What is the units digit of m?
3
Let g(u) be the second derivative of -7*u**4/6 + 7*u**3/6 - 9*u**2 - 25*u. Let x(s) be the first derivative of g(s). What is the units digit of x(-2)?
3
Let m(q) = -78*q**3 + 12*q**2 + 40*q + 51. What is the ten thousands digit of m(-7)?
2
Let i(n) = 6*n**2 - 27*n + 10. Let r be i(6). Suppose 6*b = 8*b - r. What is the tens digit of b?
3
What is the ten thousands digit of (321192/120)/(6/70)?
3
Let u(s) = -s**3 - 19*s**2 + 19*s - 18. Let v be u(-20). Let b be 16/40 + 1388/5. Suppose v*l = 2*r - b, l + 417 = 3*r - 0*r. What is the tens digit of r?
3
Let l = 110 - 115. Let y(v) = -3*v**3 - 2*v**2 + 25*v + 7. What is the hundreds digit of y(l)?
2
Let d be 60/90 - (-218)/6. Let p(w) = w**2 - 4. Let z be p(-6). Suppose 0 = z*f - d*f + 395. What is the units digit of f?
9
Suppose -5*f + 34 = -0*c - c, 168 = -4*c + 4*f. Let n be -6 + 3 - (-1 + c)/1. Suppose g = -1 + n. What is the tens digit of g?
4
Suppose -14041*g - 1546400 = -14061*g. What is the hundreds digit of g?
3
Let w(l) = 10*l - 73. Let s be w(7). What is the units digit of (26/s)/(6/(-108))?
6
What is the hundreds digit of 19338 + (-25)/(150/12)?
3
Let p be (-117)/(-18) + (-1)/2. Suppose -p*w + 6 + 1416 = 0. Let h = -130 + w. What is the hundreds digit of h?
1
Suppose -2*y + 0*t + t = -207, 5*y + t = 507. Let s = -105 + y. What is the hundreds digit of s - 3/(18/(-618))?
1
What is the tens digit of -5*1*907424/(-1120)?
5
Suppose 224 = -2*i - 5*p + 4991, -3*i - 2*p = -7134. Suppose 0 = -3*r - 0 + i. What is the units digit of r?
2
Let a be (6/(-9))/((-1)/3 - 0). Suppose a*d - 24 = -5*l + 67, -2*l + 238 = 5*d. What is the tens digit of d?
4
Suppose 7*m = -3*m + 45160. What is the units digit of (-1)/((-12)/m) + (-1)/3?
6
Suppose -282440 = -3*l - 1707896. What is the hundreds digit of (-2)/28 - l/672?
7
Let o be (-8)/(-14) + (-292)/(-28). Suppose -3*f + 12 = 0, -16*l + 2*f = -o*l - 1682. What is the tens digit of l?
3
Let o(r) = 3275*r**2 - 41*r - 12. What is the thousands digit of o(-5)?
2
Let n = -12 - -13. Suppose -k - 3*b - 8 = -n, -5*b - 25 = -k. Suppose k*t - 372 = t. What is the tens digit of t?
9
Let y(g) = 628*g - 15260. What is the thousands digit of y(40)?
9
Suppose 0 = 18*d + 3*d + 168. Let w(c) = -106*c - 30. What is the tens digit of w(d)?
1
Let m = 68167 + -39222. What is the ten thousands digit of m?
2
Suppose 0 = -6*c - 2 + 122. Let u be c/5 + -4 - -4*1. Suppose -s - 3*d + 291 = 2*s, -2*s - u*d + 202 = 0. What is the units digit of s?
3
What is the hundreds digit of (-67518)/(-12) + -2 + (1 - 0)/2?
6
Let m(v) = 8*v - 113. Let u be m(15). What is the tens digit of (-7)/((-9900)/1413 + u)?
9
Suppose -2*j + 3*p + 22409 = -6693, -5*j + 72755 = 3*p. What is the hundreds digit of j?
5
Suppose 8*c = 11*c - 36. Let b(h) = 15 - 1 - 35 - 28 + c*h. What is the hundreds digit of b(22)?
2
Let l be 25/(-5) + 9 - 0/(-2). Suppose -5*u - 15 = 0, -11 = -3*k + l*u + 10. Suppose -y + 792 = k*y + 5*s, -s = 5*y - 969. What is the units digit of y?
3
Suppose t = 6 - 8, 4*p = 2*t + 21848. What is the thousands digit of p?
5
Suppose 0 = -2*t - 2*t - 20. Let z(w) = -1807 + w**2 + 3612 + w**2 - 8*w - 1800 - w**3. What is the tens digit of z(t)?
2
Suppose 10643 = 2*i - m + 2*m, 15954 = 3*i - 2*m. What is the units digit of i?
0
Let j be ((-12)/(-27)*3)/(13/(-39)). What is the units digit of (36/(-8))/(j*(-6)/(-1376))?
8
Let y = 274 - -933. Let q = y - 409. What is the units digit of q?
8
Let w(n) = -n**3 + 12*n**2 - 28*n + 84. Let m be w(10). Suppose 0 = -5*s + 2*b + 1441, m*s - b - 1152 = b. What is the tens digit of s?
8
Suppose 3*s = -10*s + 78. Suppose b - 2*q + 107 = 0, q + 107 = -b + s*q. Let a = b - -203. What is the tens digit of a?
9
Suppose 85843 = -69*y + 1325635. What is the units digit of y?
8
Let m = 72509 - 38977. What is the thousands digit of m?
3
Suppose 0 = -h - 3*x + 34800, 16*h + 3*x + 122276 - 678716 = 0. What is the ten thousands digit of h?
3
Let y be ((-2)/6 - 0) + 200/6. Let w = y - 31. Suppose 0 = 6*h - w*h + p - 383, 0 = 4*h + 3*p - 381. What is the tens digit of h?
9
Suppose -29*z - 8197 = -22*z. Let v = z - -2331. What is the hundreds digit of v?
1
Let t(r) = r**3 + 6*r**2 + 3*r - 9. Let q be t(-4). Let f(a) = -a + 63. Let z be f(q). Suppose -k + z = 6*s - s, s - 